rivative of c**3/6 + c. Calculate the remainder when j(4) is divided by q.
0
Suppose 5*k - 155 = 3*r, 3*k + k - 124 = 4*r. Let t = -96 + 107. What is the remainder when k is divided by t?
9
Suppose 19 = -4*q + 51. What is the remainder when -9*(3/2 - (-340)/(-120)) is divided by q?
4
Let j be -3 + (-4)/(16/(-12)). Suppose 3*v - 21 = v - 5*l, 2*v + 2*l - 18 = j. What is the remainder when 15 is divided by v?
7
Calculate the remainder when 47 is divided by (7 + 1)/(4/6).
11
Suppose 0 = -45*n + 50*n - 45. Calculate the remainder when 33 is divided by n.
6
Suppose 3*u + 15 = -0*u. Let w(b) = b**2 - 3*b - 7. What is the remainder when w(6) is divided by 4/u*5/(-1)?
3
Suppose -3*z = -z - 30. Calculate the remainder when 59 is divided by z.
14
Suppose -n = o - 29, 0 = 5*n - 3*o - 145 - 40. What is the remainder when 134 is divided by n?
32
Let s = 33 + -22. Calculate the remainder when s is divided by 4.
3
Calculate the remainder when (-17)/(102/(-1728)) + -1 is divided by 73.
68
Suppose -4*p = 3*r - 239, p = -3*r + 31 + 31. Let o = 36 + -21. What is the remainder when p is divided by o?
14
Let m(t) = t**2 - 2*t + 1. Let v be m(2). Let w = 9 - v. Let p = w - 4. What is the remainder when 6 is divided by p?
2
Let m = 4 + 1. Let x = -32 + 50. Calculate the remainder when x is divided by m.
3
Let r(u) = -u**2 + 4*u - 4. Let v be r(4). Let n be -2*1 + -2 + v. Calculate the remainder when (5/4)/((-2)/n) is divided by 3.
2
Let g(j) = 3*j - 3. What is the remainder when 9 is divided by g(2)?
0
Let m(p) = 9*p**3 - 2*p**2 - p. What is the remainder when m(2) is divided by 13?
10
Let t(q) = q**3 + 9*q**2 + 10*q. What is the remainder when t(-7) is divided by 16?
12
Suppose 0 = -4*i + 83 + 25. Suppose 70 = 5*a - 0*a. What is the remainder when i is divided by a?
13
Suppose -4*n + 41 + 39 = 0. Let t = -89 + 127. What is the remainder when t is divided by n?
18
What is the remainder when 47 is divided by 48/(-10)*10/(-4)?
11
Let u be (4 - 3)/((-2)/(-10)). Suppose 0 = b - u, 2*b - 229 = -4*h + 125. Suppose -h = -2*z - 24. What is the remainder when z is divided by 16?
15
Let q(m) = 3*m**3 - 3*m**2 + 4*m + 22. Let y(h) = -8*h**3 + 8*h**2 - 11*h - 67. Let b(s) = -11*q(s) - 4*y(s). What is the remainder when b(0) is divided by 14?
12
Suppose 5*u + 15 = 0, 3*w + 6*u = 5*u + 132. What is the remainder when w is divided by 12?
9
Suppose 5*l - 8 - 17 = 0. Let c(o) = -o**2 - 9*o - 5. What is the remainder when c(-4) is divided by 20/15*(1 + l)?
7
Let i = 39 + -25. Calculate the remainder when 37 is divided by i.
9
Suppose 0*h - 3*h + 5*w = -112, -3*h + w = -104. What is the remainder when h is divided by 12?
10
Let d be (1/1)/(3/9). Suppose h + d*n + 209 = 0, 567 = 5*h - 8*h + 3*n. What is the remainder when 1/3 + h/(-3) is divided by 22?
21
Suppose 3*r = -15, 58 = 2*v + r - 3*r. What is the remainder when 143 is divided by v?
23
Calculate the remainder when 17 is divided by 202/18 + ((-14)/(-18) - 1).
6
What is the remainder when 1*81*(-6)/(-9) is divided by 19?
16
Let a(t) be the second derivative of t**4/12 + t**3/3 + 4*t. Suppose -3*v + 24 = -12. Calculate the remainder when a(5) is divided by v.
11
Suppose -4*g = 4*q + 4 + 16, -5*q - 25 = 4*g. Suppose -5*w + 50 = -g. Calculate the remainder when -1 + 1 - (-30 - -1) is divided by w.
9
Suppose 0 = -4*n + 8. Let h = 8 + -3. Suppose d - n*d = h*x - 61, 63 = 5*x + 3*d. What is the remainder when 22 is divided by x?
10
Suppose -117*y = -112*y + l - 36, 2*y - 16 = -2*l. Suppose j - 4 = 0, a - 2*j - 60 = 12. Suppose -2*o + a = 2*o. Calculate the remainder when o is divided by y.
6
Let n = -85 - -94. Calculate the remainder when 1 - 0 - (-33 + 0) is divided by n.
7
Suppose -14 = -2*h - 6. Calculate the remainder when h is divided by 4.
0
Suppose 3 = -3*f, 4*n - 68 = -0*n - 4*f. Calculate the remainder when 103 is divided by n.
13
Let b(l) = -l**3 + 4*l**2 + 2*l + 1. What is the remainder when 16 is divided by b(4)?
7
Let v = -27 + 29. Suppose -2*p - 6 = 0, -4*n - v*p - 63 = -7*n. Calculate the remainder when n is divided by 8.
3
Let i be 2/((16/(-20))/(-2)). Suppose t = r - 69, i*t - 3 - 7 = 0. What is the remainder when r is divided by 18?
17
Let h be (-9)/27 - (-16)/3. Suppose -233 = -3*s - l, -h*l + 62 = -2*s + 206. What is the remainder when s is divided by 20?
17
Suppose -2*i - 50 - 24 = 3*l, 58 = -3*l + 2*i. Suppose 0 = 5*c + w - 38, c - 2*c = -2*w - 12. What is the remainder when 20 is divided by 4/c*l/(-1)?
9
Let y(q) = -q + 6. Let i be y(6). Suppose 5*d - 49 = 4*k, 5*k - 13 = -2*d - i*k. Calculate the remainder when 3/d - (-83)/3 is divided by 10.
8
Suppose -5*x = 4*o - 13, -o + 3*o = 4*x. Let j = x + 1. Calculate the remainder when 8/3*15/j is divided by 7.
6
Let j be 414/10 - (-6)/(-15). Suppose d + 6 = -5*s - 11, -2*d + 5*s + j = 0. What is the remainder when -15*(3 - (-1 + 5)) is divided by d?
7
Let c(g) = g**3 + 12*g**2 - 15*g - 7. Calculate the remainder when 47 is divided by c(-13).
9
Let j(i) be the third derivative of -i**4/6 - i**3/2 + 5*i**2. Calculate the remainder when j(-6) is divided by 12.
9
Let v = -18 - -24. What is the remainder when 21 is divided by v?
3
Let i(r) = 4 + r - 3*r - 2 + 2 + r**2. Suppose -2*j = -4*l + 24, 0 = 2*j + 2*j - l + 20. Calculate the remainder when i(j) is divided by 15.
13
Suppose -324 = -9*y - 3*y. What is the remainder when 126 is divided by y?
18
Let b = 6 - 3. Suppose -b*s = -0*y - y - 122, -2*s + 85 = 3*y. Suppose 0 = 5*h + g - 74, 0 = 3*g - 4 - 8. What is the remainder when s is divided by h?
13
Suppose -3*o + 0*y = -y - 169, -y = 4. What is the remainder when o is divided by 14?
13
Let f be 1/(-4)*10*-14. Suppose -3*d = -8*d + f. Calculate the remainder when 17 is divided by d.
3
Let z = 2 + 9. Let b = 20 - z. What is the remainder when b is divided by 5?
4
Let u = -24 + 63. Calculate the remainder when u is divided by 7.
4
Calculate the remainder when 22 is divided by 896/70 + 8/(-10).
10
Let b = 2 + 22. Suppose 0 = -4*d + 67 + 217. Calculate the remainder when d is divided by b.
23
Let c be 8/(-12) - (-192)/(-9). Let t = -13 - c. Let i = 13 - t. Calculate the remainder when 11 is divided by i.
3
Let o = -13 - -25. Let v(g) = -1 - 2*g + 3*g + 2*g - 4. Calculate the remainder when v(9) is divided by o.
10
Let y(i) = -i**3 - 10*i**2 - 15*i - 14. Let h be y(-10). Suppose 16 = 4*r - h. What is the remainder when r is divided by 10?
8
Suppose 2*q = 3*q - 3. Suppose 15 = 3*v, 4*m + q*v - 23 = 8*v. What is the remainder when 45 is divided by m?
9
Let a(s) = s**2 - 5*s + 5. Let p be a(5). Suppose -5*w = -2*m - 2*m - 103, p*w - 5*m = 105. Calculate the remainder when w is divided by 7.
5
Let v = 25 - -74. Calculate the remainder when v is divided by 10.
9
Suppose -3*s - 2 = -47. Calculate the remainder when 17 is divided by s.
2
Suppose -4*x + 34 = -3*x. Let a = 97 + -79. Calculate the remainder when x is divided by a.
16
Let d(t) = t**3 + 27. Calculate the remainder when d(0) is divided by 15.
12
Suppose 0 = -3*v - 2*u + 1, -v - 4*u = -6*u + 5. Let x = v - -20. What is the remainder when x is divided by 10?
9
Suppose -2*v + 81 = -5. What is the remainder when v is divided by 22?
21
Let m = 25 - 8. What is the remainder when m is divided by 9?
8
Let y = -22 + 55. Let c = y - 23. What is the remainder when (-2 - 0)/((-12)/102) is divided by c?
7
Suppose 4*s = -3*b + 2*b + 14, 4*s + 70 = 5*b. What is the remainder when 6/(0 + 4/26) is divided by b?
11
Let s(d) be the first derivative of -d**2/2 - d + 1. Let v(w) = 5*w - 3. Let j(i) = -6*s(i) - v(i). What is the remainder when j(8) is divided by 6?
5
Let p(u) = 4*u + 4. Let t(f) = -10*f + 4. Calculate the remainder when t(-3) is divided by p(2).
10
Calculate the remainder when (3/(-6))/((-4)/(-240)*-1) is divided by 16.
14
Suppose 3*d - 7 = 5. Suppose -4 = d*q, 4*j + q = -2*q + 1. Let h = 6 + j. Calculate the remainder when h is divided by 3.
1
Let f = 7 - -5. What is the remainder when 45 is divided by f?
9
Suppose 2*i - 4*v - 36 = -6*v, -3*v = 3. What is the remainder when 56 is divided by i?
18
Suppose -8*j + 16 + 32 = 0. Calculate the remainder when j is divided by 3.
0
Let k = -39 + 28. Let f = 18 + k. What is the remainder when f is divided by 3?
1
Suppose 12*l - 192 = 8*l. What is the remainder when l is divided by 1